uppose 0 = y*c - 979 + 242. Suppose -c = -u + 69. What are the prime factors of u?
2, 17
Let f(b) = 3*b**3 + 75*b**2 - 15*b - 130. What are the prime factors of f(-24)?
2, 11, 89
Let k be (0 - -35)*(-4 + -33). Let n = -560 - k. Suppose 7*b - n = 2*b. List the prime factors of b.
3, 7
List the prime factors of -212*(2/(-3) + 4046/(-168) + 5).
53, 79
Let x = -121 - -592. Let n = x + -91. List the prime factors of n.
2, 5, 19
Suppose o - 29*y - 3981 = -27*y, -o = y - 3990. What are the prime factors of o?
3, 443
Suppose m + 4*v = 5546, m - 5602 = v - 61. List the prime factors of m.
2, 17, 163
Let p = -48 + 68. Let n(q) = -14 - 19 + 3 - p*q + 13*q. List the prime factors of n(-24).
2, 3, 23
Let f(t) = t**3 + 4*t**2 + 3*t - 7. Suppose 46*r = 41*r + 15. Let o be f(r). What are the prime factors of 3/(((-1)/(-5))/(481/o))?
3, 37
Let h(x) = 2*x**2 + 0*x**2 + 360*x - 2 - 345*x - 3*x**2. Suppose 40 = u + 3*u. What are the prime factors of h(u)?
2, 3
Let o(v) be the third derivative of -v**5/60 + 7*v**4/4 + 7*v**3/2 + 6*v**2 + 4. What are the prime factors of o(13)?
2, 199
Suppose 51*l - 47*l = 52. Suppose l*x - 2506 = 5801. What are the prime factors of x?
3, 71
Suppose 3442403 - 830483 = 90*h - 457080. List the prime factors of h.
2, 5, 11, 31
Let c(w) = w + 99. Let g be c(30). Suppose -a - 4 = -3, -n + 3*a = 48. Let u = n + g. What are the prime factors of u?
2, 3, 13
Let i = 9814 - 5428. Suppose i = 9*w - 3678. What are the prime factors of w?
2, 7
Let f be 2336/6 - (198/27 - 8). Suppose l - 1363 = 5*s + 3*l, -4*s + 4*l - 1096 = 0. Let b = f + s. List the prime factors of b.
3, 13
Suppose -4*c - 8 = -3*m, 0 = -3*m - 13*c + 12*c + 13. Let l = -40 + 71. Suppose m*p - l = 545. What are the prime factors of p?
2, 3
Let v = -22 + 10. Let m(h) be the first derivative of h**4/4 + 13*h**3/3 + 13*h**2/2 + 14*h - 103. List the prime factors of m(v).
2
Let v(m) = -9*m**2 - 23*m + 9. Let n(k) = -5*k**2 + 4 + 5 - 12*k - 4. Let p(o) = -11*n(o) + 6*v(o). List the prime factors of p(-6).
71
Let d(k) = -4*k**3 - 2*k**2 - 4*k - 7. Let q be (-1)/((-15)/(-35) - 2/(-28)). What are the prime factors of d(q)?
5
Let j(i) = 2*i**2 + 304*i + 122. List the prime factors of j(55).
2, 59, 97
Let b be 1/(-1) + 10/(-1). Let o(s) = -2*s**2 - 12*s - s**3 - 12 - 7*s**2 - 3*s**2 + s**2. What are the prime factors of o(b)?
2, 3, 5
Let c(v) = 403*v + 18. Let p be c(5). Let i = p + -1320. What are the prime factors of i?
23, 31
Let o(h) = -h**2 - 16*h - 37. Let g be o(-10). Suppose 9341 = g*w - 7656. List the prime factors of w.
739
Let b(t) = 64*t + 120. List the prime factors of b(11).
2, 103
Let n be (-30930)/(-16) + 10/(-77 + -3). Let s = n + -1197. List the prime factors of s.
2, 23
Suppose 3*w + 7 = 4*o, 2*o + 5*w = -11 - 18. What are the prime factors of 17*(-31)/o + 3/6?
2, 3, 11
Suppose 3*n = 3*t + 24, 3*n - t - 27 = 1. What are the prime factors of 10/(-25) + 1794/n?
179
Suppose 2*a - 3*m = 6, -2*a + 15 = 3*a - m. Suppose -2*q + 2*s + 2970 = 3*q, -a*q = -2*s - 1786. What are the prime factors of q?
2, 37
Suppose 6*h - 2*h + 4*o = 276, 5*h = 5*o + 395. What are the prime factors of (h/(-2))/(65/(-30) - -2)?
2, 3, 37
Let d(k) be the second derivative of k**5/20 + 4*k**4/3 + 3*k**3/2 + 63*k**2/2 + 2*k + 77. What are the prime factors of d(-10)?
3, 191
Let n = -631 + 629. What are the prime factors of 6357/21 + -2 - n/7?
7, 43
Let a = -5735 - -9209. What are the prime factors of a?
2, 3, 193
Let j(a) be the third derivative of 36*a**2 + 7/3*a**3 + 7/24*a**4 + 0*a + 0 + 1/4*a**5 - 1/60*a**6. What are the prime factors of j(7)?
2, 7
Suppose -11*b + b = 8*b - 168498. List the prime factors of b.
11, 23, 37
Let i(u) = -u**2 - 10*u - 15. Let s be i(-8). Let r be ((-10)/2 + s)/(3/(-144)). Let k = r - 97. List the prime factors of k.
5, 19
Suppose 14*s - 9*s = -595. Let i = s - -216. List the prime factors of i.
97
Let f = -8836 + 18215. List the prime factors of f.
83, 113
Let q be 2/(-6)*(57 + 0). Let s = -23 - q. List the prime factors of 158 - 4*s/(-16).
157
Let s(z) = 114*z**3 - 2*z**2 - 103*z + 522. List the prime factors of s(5).
14207
Suppose 2*x = -3*m - m + 62138, -4*m + 31073 = x. List the prime factors of x.
3, 5, 19, 109
Let k = 258 - 253. Let f(b) = -b**3 + 13*b**2 + 4*b. List the prime factors of f(k).
2, 5, 11
Suppose 0 = -3*a + 6*a + 1476. Let v be (-4)/2 - a - 0. Suppose -v - 113 = -9*s. What are the prime factors of s?
67
Let r be 7 - 5 - (-2 + (1 - -2)). List the prime factors of 20/(-6)*(742/(-5) - r).
2, 3, 83
Let u(n) = -11*n + 25. Let i be u(7). Let y = 52 + i. Suppose y = -3*w + 3*a + 414, -47 + 195 = w + 4*a. What are the prime factors of w?
2, 5, 7
Let v be (-3)/2 + ((-195)/10 - -5). Let j be -114*(2/(-8) - 60/v). Let h = -268 - j. What are the prime factors of h?
131
Suppose -3*t = 2*h + 325, -t = h - 4*t + 167. Let y = -110 - h. What are the prime factors of 1 - 1 - y*(-2 + -1)?
2, 3
Let k(n) = n**2 - 2*n - 8. Let z be k(-4). Suppose 0 = -6*w - z - 74. Let x(d) = -d**3 - 15*d**2 - 2*d - 20. List the prime factors of x(w).
2, 5
Let t be 4994/10 + (-9)/(225/10). Suppose 0 = c - t - 178. What are the prime factors of c?
677
Let v = -2971 - -27908. What are the prime factors of v?
11, 2267
Let f(n) = 2*n**2 + 21*n - 11. Let d be f(-24). Let g = 1223 - d. List the prime factors of g.
2, 293
Suppose -3*w + 3*y + 73840 = -65420, -5*y - 185671 = -4*w. What are the prime factors of w?
29, 1601
Let r = 255 - -883. Suppose 4*u - 1058 = r. What are the prime factors of u?
3, 61
Suppose 0 = 2*j - 4*p - 14816, 7412 = 6*j - 5*j + 2*p. Suppose 0 = 9*i - 1302 - j. List the prime factors of i.
2, 11
Let z(t) be the first derivative of -2 + 4 + 11*t**2 - 23*t - 4*t + 13. What are the prime factors of z(3)?
3, 13
Let n be (8/(-28))/((-5)/35). List the prime factors of (40/(6 - n))/((-12)/(-1362)).
5, 227
List the prime factors of 13*(-5 + (-138705)/(-195)).
2, 4591
List the prime factors of (625185/18)/((-135)/(-36) - 3).
2, 5, 11, 421
Suppose 5*i + 5*c = 4935, 8*c - 9*c + 7854 = 8*i. What are the prime factors of i?
3, 109
Suppose -l + 0*l - 30 = 3*y, -5*y - l = 50. Let z = 4 + y. Let w(g) = -g**3 - 5*g**2 - 7*g. List the prime factors of w(z).
2, 3, 13
Let a = -109 - -488. Suppose v = k - 0*v - 123, -5*v = -3*k + a. List the prime factors of k.
2, 59
Let h(i) = 222*i - 939. List the prime factors of h(131).
3, 53, 59
Let a be ((-64)/(-5)*-1)/(10/(-75)). Let u = a + -54. What are the prime factors of u?
2, 3, 7
Suppose 0 = -2*j + 2*g + 4, -3*j + 18 = 2*j + 3*g. Let f be ((-24)/1)/((1/j)/1). Let a = 126 + f. List the prime factors of a.
2, 3
Let l = -2178 + 4282. List the prime factors of l.
2, 263
Suppose 4*y = -3*v + 25, 5*v = -3*y + 8*v + 3. Suppose -4*r + 64 = -2*r + 5*a, 0 = 5*r - y*a - 127. Suppose i - 65 + r = 0. List the prime factors of i.
2, 19
Suppose 0 = -8*b + b - 168. Let x be (-4)/b - 58/(-12). Let m(y) = -y**2 + 8*y - 6. List the prime factors of m(x).
3
Suppose 3*u = d - 17127, 286*u - 285*u - 17107 = -d. List the prime factors of d.
2, 3, 23, 31
Let z = 24162 + -14008. List the prime factors of z.
2, 5077
Suppose -4*v - 10475 = -r, 60861 = 5*r + 5*v + 8661. What are the prime factors of r?
31, 337
Suppose 20550 = 3*p + 3*v, -330 = 2*v - 328. What are the prime factors of p?
13, 17, 31
Let m(g) = 132*g - 5. Let t be m(-8). Let x = t - -491. What are the prime factors of (-9)/(27/(-2)) + x/(-9)?
2
Let t(s) = 6*s**3 - 6*s**2 + 9*s - 124. What are the prime factors of t(6)?
2, 5, 101
Suppose -11*o - 3*o - 11*o = -12900. What are the prime factors of o?
2, 3, 43
Suppose -k - 1748 = -5*l + 13257, 0 = -4*l - k + 12013. List the prime factors of l.
2, 19, 79
Let t be 1058 + 8*(-1)/(-4). Suppose 0 = 23*h - 20*h - 4*n - t, -5*h + n + 1778 = 0. List the prime factors of h.
2, 89
Let v = 11955 - 6407. What are the prime factors of v?
2, 19, 73
Let r = 707 + -482. Let o = -183 + r. List the prime factors of o.
2, 3, 7
Let r = -217 - -221. Suppose 0 = -y + 4*n + 1612, 3212 = -7*y + 9*y + r*n. What are the prime factors of y?
2, 3, 67
Suppose -2*j = 3*p + 4 - 0, -4*j - 8 = -2*p. Suppose -4*b = -4*f + 2256, -4*f + f - 3*b + 1692 = p. List the prime factors of f.
2, 3, 47
Let x(b) be the second derivative of -b**3/6 + b**2/2 + 5*b. Let j be x(-8). Suppose j*o - 3*o = 480. 